{"id":2719,"date":"2020-05-06T14:17:19","date_gmt":"2020-05-06T14:17:19","guid":{"rendered":"http:\/\/colegioarabe.com\/home\/?page_id=2719"},"modified":"2023-10-05T11:35:19","modified_gmt":"2023-10-05T15:35:19","slug":"2719-2","status":"publish","type":"page","link":"https:\/\/colegioarabe.com\/home\/2719-2\/","title":{"rendered":"Pago de arancel"},"content":{"rendered":"<div style=\"text-align: justify;\">A toda la comunidad escolar<\/div>\n<div><\/div>\n<div style=\"text-align: justify;\">Para revisar el valor de las matr\u00edculas y colegiaturas puede acceder a los enlaces en el men\u00fa del sitio:<\/div>\n<div style=\"text-align: justify;\"><em> Admisi\u00f3n &gt; Aranceles &gt; A\u00f1o<\/em><\/div>\n<div><\/div>\n<div style=\"text-align: justify;\">Le recordamos realizar los pagos\u00a0 en la cuenta del colegio v\u00eda transferencia electr\u00f3nica y enviar copia del comprobante a <a href=\"mailto:secretaria@colegioarabe.com\" target=\"_blank\" rel=\"noopener noreferrer\">recaudacion@colegioarabe.com<\/a> <strong>indicando el nombre de alumno y el mes que cancela.<\/strong><\/div>\n<div style=\"text-align: justify;\"><\/div>\n<div style=\"text-align: justify;\"><b>Datos de la cuenta:<br \/>\n<\/b>Banco BCI<br \/>\nCuenta Corriente no 15076792<br \/>\nCorporaci\u00f3n Colegio \u00c1rabe<br \/>\nRut: 70.607.500-3<br \/>\n<a href=\"mailto:secretaria@colegioarabe.com\" target=\"_blank\" rel=\"noopener noreferrer\">recaudacion@colegioarabe.com<\/a><\/div>\n<div style=\"text-align: justify;\"><\/div>\n<div style=\"text-align: justify;\">Se despide atentamente<br \/>\nLa Administraci\u00f3n<\/div>\n","protected":false},"excerpt":{"rendered":"<p>A toda la comunidad escolar Para revisar el valor de las matr\u00edculas y colegiaturas puede acceder a los enlaces en el men\u00fa del sitio: Admisi\u00f3n &gt; Aranceles &gt; A\u00f1o Le recordamos realizar los pagos\u00a0 en la cuenta del colegio v\u00eda transferencia electr\u00f3nica y enviar copia del comprobante a recaudacion@colegioarabe.com indicando el nombre de alumno y el mes que cancela. Datos de la cuenta: Banco BCI Cuenta Corriente no 15076792 Corporaci\u00f3n Colegio \u00c1rabe Rut: 70.607.500-3 recaudacion@colegioarabe.com Se despide atentamente La Administraci\u00f3n<\/p>\n<p> <a class=\"continue-reading-link\" href=\"https:\/\/colegioarabe.com\/home\/2719-2\/\"><span>Continuar<\/span><i class=\"crycon-right-dir\"><\/i><\/a> <\/p>\n","protected":false},"author":547,"featured_media":0,"parent":0,"menu_order":0,"comment_status":"closed","ping_status":"closed","template":"","meta":{"footnotes":""},"_links":{"self":[{"href":"https:\/\/colegioarabe.com\/home\/wp-json\/wp\/v2\/pages\/2719"}],"collection":[{"href":"https:\/\/colegioarabe.com\/home\/wp-json\/wp\/v2\/pages"}],"about":[{"href":"https:\/\/colegioarabe.com\/home\/wp-json\/wp\/v2\/types\/page"}],"author":[{"embeddable":true,"href":"https:\/\/colegioarabe.com\/home\/wp-json\/wp\/v2\/users\/547"}],"replies":[{"embeddable":true,"href":"https:\/\/colegioarabe.com\/home\/wp-json\/wp\/v2\/comments?post=2719"}],"version-history":[{"count":11,"href":"https:\/\/colegioarabe.com\/home\/wp-json\/wp\/v2\/pages\/2719\/revisions"}],"predecessor-version":[{"id":3553,"href":"https:\/\/colegioarabe.com\/home\/wp-json\/wp\/v2\/pages\/2719\/revisions\/3553"}],"wp:attachment":[{"href":"https:\/\/colegioarabe.com\/home\/wp-json\/wp\/v2\/media?parent=2719"}],"curies":[{"name":"wp","href":"https:\/\/api.w.org\/{rel}","templated":true}]}}