{"id":3539,"date":"2023-07-26T10:05:37","date_gmt":"2023-07-26T14:05:37","guid":{"rendered":"https:\/\/colegioarabe.com\/home\/?page_id=3539"},"modified":"2025-08-29T10:27:10","modified_gmt":"2025-08-29T14:27:10","slug":"arancel-2024","status":"publish","type":"page","link":"https:\/\/colegioarabe.com\/home\/admision\/arancel-2024\/","title":{"rendered":"Arancel 2026"},"content":{"rendered":"<h1 class=\"entry-title\"><b style=\"font-size: 17px;\">1.- CONCEPTOS DE ARANCEL 2026<\/b><\/h1>\n<div class=\"entry-content\">\n<p><b>a) Matr\u00edcula:<\/b><\/p>\n<p>Corresponde al derecho de estudios por el a\u00f1o acad\u00e9mico en curso que aplica a los alumnos del colegio y su costoes de $ 340.000, desde PreKinder a IV Medio<\/p>\n<p><b>b) Colegiatura:<\/b><\/p>\n<p>Corresponde al\u00a0<b>costo anual<\/b> asociado a escolaridad del alumno. Al momento de la matr\u00edcula, el apoderado deber\u00e1 documentar el arancel anual y firmar pagar\u00e9 (Marzo a Diciembre), dependiendo del curso a matricular:<\/p>\n<table>\n<tbody>\n<tr>\n<td width=\"118\">Curso<\/td>\n<td width=\"118\">Pre-Kinder y Kinder<\/td>\n<td width=\"118\">1\u00ba a 4\u00ba B\u00e1sico<\/td>\n<td width=\"118\">5\u00ba a 7\u00ba B\u00e1sico<\/td>\n<td width=\"118\">8\u00ba B\u00e1sico a 4\u00ba Medio<\/td>\n<\/tr>\n<tr>\n<td width=\"118\">Valor<\/td>\n<td width=\"118\">$2.850.000<\/td>\n<td width=\"118\">$ 2.900.000<\/td>\n<td width=\"118\">$ 3.050.000<\/td>\n<td width=\"118\">$ 3.150.000<\/td>\n<\/tr>\n<\/tbody>\n<\/table>\n<p><b>2.- BENEFICIOS INCORPORADOS AL ARANCEL.<\/b><\/p>\n<p><b>a) Seguro Estatal:<\/b><\/p>\n<p>Todos los alumnos de nuestro Colegio est\u00e1n protegidos por un seguro de accidentes que provee el Estado. Dicho seguro permite la atenci\u00f3n de cualquier alumno de nuestro establecimiento que sufre alg\u00fanaccidente dentro de nuestras instalaciones a fin de que se atienda en un hospital o centro m\u00e9dico del sistema p\u00fablico de salud con cargo al Estado y cobertura adicional para el trayecto del hogar al Colegio y viceversa.<\/p>\n<p><b>b) Acceso a Nuestra Plataforma Acad\u00e9mica a trav\u00e9s de Internet:<\/b><\/p>\n<p>Todos los alumnos y Apoderados de nuestro colegio podr\u00e1n acceder a nuestra plataforma acad\u00e9mica a trav\u00e9s de Internet. Para ello, a comienzos del a\u00f1o escolar se le har\u00e1 entrega a cada alumno de una cuenta de Google Workspace, con la direcci\u00f3n @colegioarabe.com, la cual permite la interacci\u00f3n acad\u00e9mica digital entre los miembros de la comunidad.<\/p>\n<p><b>c) Talleres Extraprogram\u00e1ticos:<\/b><\/p>\n<p>Ofrecemos un conjunto de Talleres Extraprogram\u00e1ticos que permitir\u00e1n complementar la formaci\u00f3n de sus hijos, en relaci\u00f3n a su formaci\u00f3n integral. Podr\u00e1 elegir entre f\u00fatbol, basketball, hockey sobre c\u00e9sped, danza \u00e1rabe, patinaje, ciencia, comunicaci\u00f3n, m\u00fasica y muchas otras opciones m\u00e1s.<\/p>\n<\/div>\n<p>d) Seguro Escolar Privado:<\/p>\n<p>Seguro ante accidentes, coordinado por el colegio, para nuestros estudiantes<\/p>\n<p>&nbsp;<\/p>\n","protected":false},"excerpt":{"rendered":"<p>1.- CONCEPTOS DE ARANCEL 2026 a) Matr\u00edcula: Corresponde al derecho de estudios por el a\u00f1o acad\u00e9mico en curso que aplica a los alumnos del colegio y su costoes de $ 340.000, desde PreKinder a IV Medio b) Colegiatura: Corresponde al\u00a0costo anual asociado a escolaridad del alumno. Al momento de la matr\u00edcula, el apoderado deber\u00e1 documentar el arancel anual y firmar pagar\u00e9 (Marzo a Diciembre), dependiendo del curso a matricular: Curso Pre-Kinder y Kinder 1\u00ba a 4\u00ba B\u00e1sico 5\u00ba a 7\u00ba B\u00e1sico 8\u00ba B\u00e1sico a 4\u00ba Medio Valor $2.850.000 $ 2.900.000 $ 3.050.000 $ 3.150.000 2.- BENEFICIOS INCORPORADOS AL ARANCEL. a) Seguro Estatal: Todos los alumnos de nuestro Colegio est\u00e1n protegidos por un seguro de accidentes que provee el Estado. Dicho seguro permite la atenci\u00f3n de cualquier alumno de nuestro establecimiento que sufre alg\u00fanaccidente dentro de nuestras instalaciones a fin de que se atienda en un hospital o centro m\u00e9dico del sistema p\u00fablico de salud con cargo al Estado y cobertura adicional para el trayecto del hogar al Colegio y viceversa. b) Acceso a Nuestra Plataforma Acad\u00e9mica a trav\u00e9s de Internet: Todos los alumnos y Apoderados de nuestro colegio podr\u00e1n acceder a nuestra plataforma acad\u00e9mica a trav\u00e9s de Internet. Para ello,&#8230;<\/p>\n<p> <a class=\"continue-reading-link\" href=\"https:\/\/colegioarabe.com\/home\/admision\/arancel-2024\/\"><span>Continuar<\/span><i class=\"crycon-right-dir\"><\/i><\/a> <\/p>\n","protected":false},"author":561,"featured_media":0,"parent":6,"menu_order":0,"comment_status":"closed","ping_status":"closed","template":"","meta":{"footnotes":""},"_links":{"self":[{"href":"https:\/\/colegioarabe.com\/home\/wp-json\/wp\/v2\/pages\/3539"}],"collection":[{"href":"https:\/\/colegioarabe.com\/home\/wp-json\/wp\/v2\/pages"}],"about":[{"href":"https:\/\/colegioarabe.com\/home\/wp-json\/wp\/v2\/types\/page"}],"author":[{"embeddable":true,"href":"https:\/\/colegioarabe.com\/home\/wp-json\/wp\/v2\/users\/561"}],"replies":[{"embeddable":true,"href":"https:\/\/colegioarabe.com\/home\/wp-json\/wp\/v2\/comments?post=3539"}],"version-history":[{"count":15,"href":"https:\/\/colegioarabe.com\/home\/wp-json\/wp\/v2\/pages\/3539\/revisions"}],"predecessor-version":[{"id":3750,"href":"https:\/\/colegioarabe.com\/home\/wp-json\/wp\/v2\/pages\/3539\/revisions\/3750"}],"up":[{"embeddable":true,"href":"https:\/\/colegioarabe.com\/home\/wp-json\/wp\/v2\/pages\/6"}],"wp:attachment":[{"href":"https:\/\/colegioarabe.com\/home\/wp-json\/wp\/v2\/media?parent=3539"}],"curies":[{"name":"wp","href":"https:\/\/api.w.org\/{rel}","templated":true}]}}